6 a multiple of 264?
True
Does 2522 divide 106563414?
False
Does 166 divide 727822518?
True
Is 639916879 a multiple of 11?
False
Is 277288305 a multiple of 21?
True
Is 308 a factor of 1942857840?
True
Is 211 a factor of 44999126?
True
Is 362 a factor of 31324946?
True
Does 1688 divide 16730420?
False
Does 10 divide 104178456?
False
Does 2309 divide 5385884271?
False
Is 29961480 a multiple of 51?
True
Is 13 a factor of 1837881287?
False
Is 47375484 a multiple of 857?
False
Is 539615168 a multiple of 177?
False
Does 69 divide 788789790?
False
Is 20 a factor of 483911760?
True
Does 19 divide 45278835?
False
Does 80 divide 2012482?
False
Is 5339184 a multiple of 48?
True
Does 60 divide 2447003460?
True
Does 3249 divide 19646703?
True
Does 176 divide 403052207?
False
Is 4 a factor of 836311?
False
Does 105 divide 765118132?
False
Is 3 a factor of 7921811?
False
Is 6 a factor of 38277856?
False
Is 624141655 a multiple of 30?
False
Does 214 divide 32084592?
True
Does 8 divide 458969525?
False
Is 357224673 a multiple of 630?
False
Is 196660475 a multiple of 655?
True
Is 865 a factor of 311973495?
True
Is 26959224 a multiple of 296?
False
Is 7787079 a multiple of 8?
False
Is 248813157 a multiple of 1244?
False
Does 1594 divide 236027638?
False
Does 535 divide 958269530?
True
Is 34 a factor of 318351350?
True
Is 734895960 a multiple of 130?
False
Is 5710052036 a multiple of 3923?
True
Does 82 divide 2252414458?
True
Is 1330 a factor of 125202410?
False
Is 45703397 a multiple of 2223?
False
Is 85 a factor of 226665?
False
Does 4 divide 5352280?
True
Is 86 a factor of 253561784?
False
Is 107516830 a multiple of 50?
False
Does 771 divide 282547905?
False
Is 121727922 a multiple of 17?
True
Does 3126 divide 23388732?
True
Is 2523 a factor of 90901167?
True
Is 50 a factor of 27503028?
False
Does 854 divide 111364772?
False
Is 6394548 a multiple of 4?
True
Is 167 a factor of 412540100?
True
Does 1055 divide 224231701?
False
Does 22 divide 3871404039?
False
Does 142 divide 541343050?
True
Is 851802336 a multiple of 66?
True
Is 6 a factor of 442350684?
True
Is 1048935981 a multiple of 291?
True
Is 15919542 a multiple of 2297?
False
Is 380 a factor of 51198920?
True
Is 13531072 a multiple of 32?
True
Does 5 divide 130831156?
False
Does 105 divide 36290192?
False
Is 593947458 a multiple of 234?
True
Is 19753307 a multiple of 38?
False
Is 628 a factor of 472472505?
False
Is 59 a factor of 3334877945?
True
Is 232 a factor of 12018528?
True
Is 174 a factor of 260525008?
False
Is 2180 a factor of 945721060?
True
Is 4990 a factor of 188516489?
False
Is 1031871000 a multiple of 5?
True
Is 1321759 a multiple of 2?
False
Is 3 a factor of 21202755?
True
Is 45384846 a multiple of 13?
True
Does 55 divide 27207732?
False
Is 32 a factor of 1248064?
True
Does 16 divide 10955296?
True
Does 1487 divide 2111540?
True
Is 117 a factor of 54784548?
True
Is 48 a factor of 36673193?
False
Does 249 divide 16631044?
False
Is 17906641 a multiple of 11?
False
Is 15 a factor of 22644387?
False
Is 18326839 a multiple of 103?
False
Does 23 divide 45556330?
True
Is 493479901 a multiple of 114?
False
Does 75 divide 14495008?
False
Does 687 divide 4301370?
False
Does 2 divide 1081268?
True
Does 320 divide 9163791?
False
Is 268 a factor of 372310960?
True
Is 133 a factor of 132831984?
False
Is 26 a factor of 6421298?
True
Is 48277238 a multiple of 1702?
False
Is 673810103 a multiple of 4?
False
Does 4 divide 57095304?
True
Does 243 divide 1263494538?
True
Does 151 divide 125243024?
True
Is 332700 a multiple of 4?
True
Does 47 divide 566885659?
True
Does 19 divide 13195880?
True
Does 377 divide 111205932?
False
Is 746 a factor of 234432738?
True
Is 885 a factor of 360160575?
False
Does 261 divide 10835915?
False
Does 963 divide 1081460107?
False
Does 123 divide 525339266?
False
Is 38604901 a multiple of 613?
True
Does 3109 divide 930226876?
False
Is 387 a factor of 6752402?
False
Is 34 a factor of 3461287788?
True
Is 18 a factor of 4471517?
False
Is 347049883 a multiple of 5749?
True
Does 7 divide 94268622?
True
Is 48531098 a multiple of 764?
False
Is 12846998 a multiple of 15?
False
Is 4209 a factor of 37784193?
True
Is 12699195 a multiple of 14?
False
Does 12 divide 18198432?
True
Is 41 a factor of 69986129?
False
Does 2776 divide 70943456?
True
Is 184122015 a multiple of 9589?
False
Is 438178636 a multiple of 844?
True
Is 78 a factor of 12149736?
False
Is 41 a factor of 2744428?
False
Does 1207 divide 838389540?
False
Is 625 a factor of 674383820?
False
Does 21 divide 472372579?
False
Is 16323885 a multiple of 531?
False
Does 761 divide 1274968746?
True
Does 7 divide 158758047?
True
Is 100000912 a multiple of 64?
False
Is 167 a factor of 121585185?
True
Does 221 divide 4701554?
True
Is 95 a factor of 16299435?
True
Is 18 a factor of 20282625?
False
Is 197 a factor of 51229850?
True
Is 3215714 a multiple of 132?
False
Is 20 a factor of 2894795952?
False
Is 1398 a factor of 94771214?
False
Is 40433045 a multiple of 84?
False
Does 649 divide 62848880?
False
Is 1287048530 a multiple of 565?
True
Does 1439 divide 783814666?
True
Is 390 a factor of 438273970?
False
Is 3304016 even?
True
Is 1355494392 a multiple of 24?
True
Is 7531663 a multiple of 3?
False
Does 584 divide 10987960?
True
Is 2 a factor of 54121429?
False
Is 3020066230 a multiple of 100?
False
Is 2 a factor of 7386006?
True
Does 25 divide 10953875?
True
Does 49 divide 83034141?
False
Does 8 divide 95136848?
True
Is 1144219733 a multiple of 2938?
False
Is 61 a factor of 810812?
True
Does 57 divide 2560223573?
False
Does 66 divide 53858299?
False
Is 417459783 a multiple of 12?
False
Does 94 divide 4228765371?
False
Is 27 a factor of 922829679?
True
Is 43 a factor of 4275576?
True
Is 12134410 a multiple of 35?
False
Does 35 divide 5181865745?
True
Is 25 a factor of 2949989315?
False
Is 304160202 a multiple of 7?
False
Is 550418704 a multiple of 506?
True
Is 134072013 a multiple of 17?
True
Is 227 a factor of 111568003?
True
Is 678560220 a multiple of 27?
True
Is 30 a factor of 837577410?
True
Is 168 a factor of 110805576?
True
Does 23 divide 302594830?
False
Is 2750 a factor of 27710733?
False
Is 6258411472 a multiple of 5402?
True
Is 20942182 a multiple of 936?
False
Does 18 divide 308208457?
False
Does 20 divide 50040991?
False
Does 1157 divide 48880936?
True
Is 4415752 a multiple of 44?
True
Is 115 a factor of 33961506?
False
Is 431166633 a multiple of 901?
False
Is 165 a factor of 7958754?
False
Is 3337 a factor of 18530361?
True
Is 24522793 a multiple of 667?
False
Is 65 a factor of 516720165?
True
Is 17 a factor of 504666811?
True
Is 3327 a factor of 837474265?
False
Is 21914244 a multiple of 74?
False
Does 2533 divide 202546279?
True
Is 397168075 a multiple of 1039?
False
Is 2044 a factor of 33625016?
False
Does 6 divide 2189040?
True
Does 880 divide 226713520?
True
Does 3643 divide 216864147?
True
Does 16 divide 56937152?
True
Is 2568591459 a multiple of 7?
True
Is 16774695 a multiple of 427?
True
Is 232938311 a multiple of 263?
True
Is 1309 a factor of 1987457318?
True
Is 399 a factor of 2981882?
False
Does 544 divide 5113775?
False
Is 48788800 a multiple of 32?
True
Is 7896368 a multiple of 8?
True
Is 13 a factor of 43384139?
False
Is 106 a factor of 6671240?
False
Does 4 divide 14529041?
False
Is 10 a factor of 20848280?
True
Is 47 a factor of 1706016857?
True
Is 12 a factor of 1541730990?
False
Is 158 a factor of 652970496?
False
Does 11 divide 396949514?
False
Is 389 a factor of 43777282?
True
Does 2 divide 1192290?
True
Does 31 divide 3312061337?
False
Is 12971126 a multiple of 6?
False
Is 865 a factor of 3993087?
False
Does 341 divide 64618973?
False
Is 74309671 a multiple of 86?
False
Does 443 divide 45903660?
True
Is 56 a factor of 247072139?
False
Is 24 a factor of 28064328?
True
Is 110291096 a multiple of 101?
False
Is 34445013 a multiple of 39?
False
Does 115 divide 25891560?
True
Is 110 a factor of 15003450?
True
Is 353 a factor of 28623358?
True
Is 1503 a factor of 2375674866?
True
Is 3702 a factor of 1281787884?
True
Is 40 a factor of 2742720936?
False
Is 5 a factor of 9636704?
False
Does 1750 divide 34260951?
False
Is 133181417 a multiple of 225?
False
Does 23 divide 397118707?
False
Is 6508628 a multiple of 1